at is m(-3)?
6
Let c(g) be the first derivative of -3*g**4 - g**3/3 - g**2/2 - g + 81. Calculate c(-1).
11
Let m(p) = p**2 - 18*p + 9. Suppose -17*w - 270 = -35*w. Calculate m(w).
-36
Suppose 0 = -37*d + 7*d + 210. Let l(a) = -5*a + 38. What is l(d)?
3
Let c(w) = -2*w + 5. Let y be c(-7). Let o(q) = -4 + y - 9 - 5. Let v(i) = -4*i + 8. Let p(d) = 4*o(d) - v(d). Calculate p(3).
8
Let r(l) = -5*l - 92 + 4*l + 0*l + 86 - 2*l. Let m = 1 + -7. Give r(m).
12
Suppose -u + 4*f = 0, 2*u = -3*u + 2*f. Let q(s) = -16*s - 6 + 15*s + u. Give q(-3).
-3
Let a(s) = -s**3 - 7*s**2 - 7*s + 1. Suppose -4*y + 11 = 31. Calculate a(y).
-14
Let j(n) = -n - 2. Suppose 11*z + 536 = 448. Determine j(z).
6
Let i(n) be the second derivative of -5/24*n**4 + 1/3*n**3 + 3*n + 0 + 1/60*n**5 - 7/2*n**2. Let q(a) be the first derivative of i(a). Calculate q(2).
-4
Let m(n) = -20*n - 18. Let x(b) = -6*b - 5. Let u(j) = 6*m(j) - 21*x(j). What is u(1)?
3
Let a(c) = -c - 2 + c**2 - 3 + 0*c. Suppose 7*d - 2*k - 17 = 4*d, 8 = -2*k. Let g be d - (3 - 4) - 0/(-2). Calculate a(g).
7
Let d(p) = -3*p**2 - 9*p + 44. Let k(u) = u**2 + 3*u - 15. Let f(q) = 3*d(q) + 8*k(q). Let w(v) be the first derivative of f(v). Determine w(-5).
7
Let b(c) = 6*c + 4. Let t be b(-2). Let v be 1/(-1 - 12/t). Let l(m) = -m**v + 1 - 2 + 5*m - 1. Determine l(3).
4
Let b(l) be the first derivative of 2*l**2 - 18*l + 177. What is b(6)?
6
Let f(w) = w**3 - 12*w**2 + 11*w + 1. Suppose 2*h + 2*h - 2*x = 42, 2*h = 2*x + 20. Let s be f(h). Let m(l) = 14*l**2 - 1. Calculate m(s).
13
Let h(y) = y**2 - 6*y - 8. Let z(s) = s + 0*s + 10 - 4 + 0*s. Let k be z(0). Give h(k).
-8
Let o be 2/1*(4 - (2 - 2)). Let g(p) = 83 - p + 85 - 178. Determine g(o).
-18
Let x(p) be the first derivative of 0*p + 1/6*p**3 + 6 + 1/8*p**4 - 11/2*p**2. Let b(o) be the second derivative of x(o). Give b(1).
4
Let l(n) = n - 4. Let i(t) = t - 2. Let y(z) = -7*i(z) + 6*l(z). What is y(4)?
-14
Let k(z) be the third derivative of -z**5/60 - z**4/2 + z**3/6 + 2*z**2 + 258. Give k(-10).
21
Let v = 3 - -1. Let f(s) be the third derivative of -s**6/120 + s**5/15 + s**4/12 - 5*s**3/6 + 1995*s**2. What is f(v)?
3
Let h(j) = 9*j - 5. Let x(q) = -4*q + 2. Let s(m) = 2*h(m) + 5*x(m). Suppose 90*a - 1 = 3*p + 89*a, -4*p = -6*a - 8. Determine s(p).
2
Let h(u) = u - 7. Let c(o) = o**3 + 7*o**2 - 23*o - 2. Let f be c(-7). Let i be f/(-33) + (-4)/22. Give h(i).
-12
Let k(t) be the second derivative of t**4/4 + t**3/6 - t**2/2 - t. Let x = 219 - 211. Suppose -h + x - 25 = 5*g, -2 = -5*h + 4*g. Give k(h).
9
Let i be 0/16*1/(-1 + -1). Suppose i = -3*a + r + 3, -3*r - 1 = -a - 0*r. Let j(b) = -6*b**3 + b**2. Calculate j(a).
-5
Suppose -105 = -8*w + w. Suppose 0 = -3*g - 2*g - w. Let l(n) = -n + 4. Give l(g).
7
Let r(q) = q**3 - 5*q**2 - q + 7. Let k be r(5). Let o(x) = -x + 2. Let u be o(k). Let h(j) = -j**3 + u*j - 2*j + 4*j. Determine h(2).
-4
Let o(z) be the first derivative of -z**4/2 - z**3 - 3*z**2 - 3*z - 542. Calculate o(-2).
13
Suppose 265 = -11*b + 177. Let c(y) = 5*y + 33. What is c(b)?
-7
Let m(g) be the second derivative of -g**3/3 - 7*g**2/2 - 7*g. Suppose -3*p - 11 - 61 = 0. Let q = 17 + p. Calculate m(q).
7
Suppose -12 = -a - 9. Let u(f) = -f - f - 9 + 2 + 3. Give u(a).
-10
Suppose 22*v - 52 = 9*v. Let q(l) be the first derivative of l**5/40 - l**4/4 + 4*l**3/3 + 4. Let b(d) be the third derivative of q(d). Give b(v).
6
Let s(l) = l**2 - 4*l - 4. Suppose 0 = 57*o - 65*o + 32. Give s(o).
-4
Suppose -8 = -4*d - 2*p + 32, 0 = -2*d - 3*p + 28. Suppose -6*k + d = -4*k. Let h(g) = -2*g + 3. What is h(k)?
-5
Let a = 20 + -18. Let m(v) = 6*v + 5*v - 5*v - 1 + v**2 - a*v**2. Calculate m(5).
4
Let v(j) be the third derivative of j**4/6 + j**3/6 + 19*j**2 - 2. Let i(h) = h**3 + 5*h**2 - 7*h + 9. Let x be i(-7). Let u be x/30*3/2. Give v(u).
-7
Let n(q) be the first derivative of q**4/4 + 5*q**3/3 + q**2/2 + 3*q - 116. Calculate n(-6).
-39
Let s be (-13)/2 + (-1)/(-2). Let m(n) = -3 - 5*n**3 + 8*n**3 + 5*n + 0*n**3 + n**2 - 2*n**3 + 6*n**2. What is m(s)?
3
Let j be -3 + 6 - (2 + 43). Let u = -42 - j. Let t(k) = -k**2 + k - 4. Determine t(u).
-4
Let r(x) = x**3 - 5*x**2 + 7*x. Suppose f + 0*f = -4*o + 8, -4*o + 3*f = -24. Let i be r(o). Let d(w) = 2 - 6*w + w + 2*w + w**2. Calculate d(i).
2
Let b(t) = 8*t**3 + 4*t + 5. Let d(s) = -4*s**3 - 2*s - 3. Let p(o) = 4*b(o) + 7*d(o). Let c be ((-7)/7)/(2/(-8)). Let z be ((-2)/6)/(c/(-12)). Give p(z).
5
Let x(c) = -4*c - 2. Let y = 13 - 6. Let j(l) = -l**2 + 7*l - 4. Let b be j(y). Let q = b + 2. Calculate x(q).
6
Let s(a) = -a - 8. Let y(v) = v - 3. Let h(g) = 10*g - 1. Let u be h(1). Let k be y(u). What is s(k)?
-14
Suppose -16 = z + 2. Let g be (8/(-6))/(12/z). Suppose 0 = 3*k + g*k. Let n(i) = i**2 + i - 6. Calculate n(k).
-6
Let j(z) = 4*z + 9. Let i(d) = 5*d + 8. Let g(w) = 6*i(w) - 5*j(w). Let x = -15 + 12. Give g(x).
-27
Suppose 5*t = b + 19, t + 5*b - 9 = -0*t. Suppose t*y - 12 = -2*y. Let k(m) = m**3 + 1 + 0*m - m + 0*m**3 + 8*m**y - 7*m**2. Give k(2).
11
Let a(k) = k**2 + 3*k - 1. Let q = -3 + -1. Let c be a(q). Let u(b) = -b**c + 2 - 7 + b + 4. Determine u(1).
-1
Let l(h) be the second derivative of -h**4/12 - h**3/3 - 9*h**2 - h - 9. Determine l(0).
-18
Let a(r) = 7*r + 0*r**2 + r**2 - 3 + 4. Let h(w) = w**2 - 6*w - 142. Let f be h(15). Let i be a(f). Let n(k) = -k**3. Give n(i).
-1
Let p be -4 - (-4 + (-2 - 1)). Let i be ((-3 - 1) + p)*5. Let b(r) = 3 + 3*r + 0*r + 0 - 4. What is b(i)?
-16
Let g(b) = -b**3 + b**2 - b. Suppose -4*t - 18 = -7*t. Let w(j) = 23*j**3 - 6*j**2 + 6*j + 1. Let c(z) = t*g(z) + w(z). Give c(-1).
-16
Let v(f) = -100 + 23 + 24 + 2*f**2 + 26 - 3*f + 28 + 34*f**3. Determine v(1).
34
Let s(d) = -d - 4 + 4 - 5. Let y be -7 + -1 + (-3 - -1). Let q be ((-4)/5)/(y/(-75)). What is s(q)?
1
Let c be -1 + 3*(-6)/(-9). Let b(v) be the second derivative of -2*v**3/3 - v**2/2 + 1776*v. What is b(c)?
-5
Let b(i) = 13*i + 13. Let o(j) = 2*j + 1. Let h(r) = b(r) - 6*o(r). Give h(-7).
0
Let r(m) = -m**3 - 6*m**2 - m + 2. Suppose 12*v - 167 = -239. What is r(v)?
8
Suppose -5*i + 3*w = -3 - 19, -3*w - 2 = 5*i. Let l be ((-1)/3)/((-3)/18). Let p(d) = -2*d + l*d + 3*d + 0*d. Calculate p(i).
6
Let j(v) = 7 + 8 - 4 - 4*v + 5*v. What is j(-6)?
5
Let q(o) = o - 4. Let g be (38/3 - 10)/((-1)/(-3)). Calculate q(g).
4
Let v(c) = c - 1. Let f be 6/27 - (-175)/63. Suppose -h = -6*m + f*m, -h + 4 = -m. Give v(h).
5
Suppose 5*g + 3*j - 10 = 4*g, -3*g = 5*j - 10. Let o be 10/g + 2 - -1. Let v(d) = 3*d**2 + 1. Let h(m) = 3*m**2 + 1. Let x(l) = 7*h(l) - 6*v(l). What is x(o)?
4
Suppose -5 = 3*b - 8. Let i be (0 - 1)/(b/(-5)). Let x(a) be the third derivative of a**6/120 - a**5/10 + 5*a**4/24 - a**3/3 + 2*a**2. Determine x(i).
-2
Let w(d) = -d**3 - 8*d**2 - 7*d - 8. Let x be w(-7). Let t = -20 - -22. Let v(g) = -9 - g**3 + t*g**3 - 5*g + 7*g**2 - 4*g. What is v(x)?
-1
Let a(s) = -s**3 - s**2 + s - 7. Let k be (-8)/(-14) + 40/(-70). What is a(k)?
-7
Let o(l) = l**3 + 2*l**2 - 6*l - 2. Suppose -2 = -0*a + a + 3*y, -5*y - 15 = 0. Let f(b) = -b + 3. Let q be f(a). Give o(q).
-10
Suppose -55*i + 49*i - 36 = 0. Let o(d) = 5*d. Calculate o(i).
-30
Suppose 0 = 8*d + 12 - 44. Let c(p) = -p**2 - 8*p + 4 - d + 7. Calculate c(-7).
14
Let z(r) = -13 + 15 - 5*r - 2*r + 27. Give z(5).
-6
Suppose 7*x = 34 - 69. Let z(j) = 2*j**2 + 10*j + 6. What is z(x)?
6
Let a(x) be the first derivative of -x**3/3 - 3*x**2 + 4*x - 4. Suppose 7*t + 27 = 4*t. Let d(n) = -n**2 - 9*n - 3. Let q be d(t). Give a(q).
13
Let r(q) be the first derivative of 5 - 2*q + q**2 - 1 + 0*q**2. Calculate r(-2).
-6
Let g(h) = 8*h**2 + 9*h + 9*h**2 - 9*h**2 - 7*h**2 + 13. Give g(-7).
-1
Let p(g) = -g - 2 - g**3 + 5 + g**2 - 2*g**2. Let t = 173 + -133. Let z = -40 + t. Determine p(z).
3
Let n(w) = -37*w**3 + 36*w**3 - 24*w**2 + 21*w**2. Determine n(-2).
-4
Let x(b) = -35*b + 8. Let r(k) = 16*k - 4. Let d(n) = -9*r(n) - 4*x(n). Give d(2).
-4
Let k be ((-4)/(-2) - 0) + (-3)/2. Let c(l) be the first derivative of -k*l**2 - l - 7/3*l**3 + 2. Give c(-1).
-7
Suppose -3*l + 19 = -2. Let a(f) be the first derivative of f**4/4 - 8*f**3/3 + 4*f**2 + 5*f - 127. Give a(l).
12
Let k = -522 + 522. Let y(v) be the second derivative of v**4/12 + v**3/6 + 9*v**2/2 + v. Give y(k).
9
Let r(